{"id":186,"date":"2021-05-21T11:42:05","date_gmt":"2021-05-21T09:42:05","guid":{"rendered":"https:\/\/groennedemokrater.dk\/?page_id=186"},"modified":"2021-08-04T20:24:16","modified_gmt":"2021-08-04T18:24:16","slug":"sitemap","status":"publish","type":"page","link":"https:\/\/groennedemokrater.dk\/?page_id=186","title":{"rendered":"Sitemap"},"content":{"rendered":"<p>Her finder du en oversigt over artiklerne her p\u00e5 groennedemokrater.dk:<\/p>\n<div class=\"wsp-container\"><h2 class=\"wsp-posts-title\">Posts by category<\/h2>\n<ul class=\"wsp-posts-list\">\n\t<li><strong class=\"wsp-category-title\">Category: <a href=\"https:\/\/groennedemokrater.dk\/?cat=1\">Uncategorized<\/a><\/strong>\n<ul class=\"wsp-posts-list\">\t\t<li class=\"wsp-post\"><a href=\"https:\/\/groennedemokrater.dk\/?p=455\">S\u00e5dan fungerer online sexdating<\/a><\/li>\n\t\t<li class=\"wsp-post\"><a href=\"https:\/\/groennedemokrater.dk\/?p=448\">Fodboldgolf er en sjov og udfordrende aktivitet for alle aldre<\/a><\/li>\n\t\t<li class=\"wsp-post\"><a href=\"https:\/\/groennedemokrater.dk\/?p=442\">Det store tabu?<\/a><\/li>\n\t\t<li class=\"wsp-post\"><a href=\"https:\/\/groennedemokrater.dk\/?p=437\">Rejser som aldrig f\u00f8r<\/a><\/li>\n\t\t<li class=\"wsp-post\"><a href=\"https:\/\/groennedemokrater.dk\/?p=430\">Hver advokat sit speciale<\/a><\/li>\n\t\t<li class=\"wsp-post\"><a href=\"https:\/\/groennedemokrater.dk\/?p=425\">Dating p\u00e5 nettet er for alle aldersgrupper<\/a><\/li>\n\t\t<li class=\"wsp-post\"><a href=\"https:\/\/groennedemokrater.dk\/?p=420\">Angst og stress symptomer<\/a><\/li>\n\t\t<li class=\"wsp-post\"><a href=\"https:\/\/groennedemokrater.dk\/?p=414\">Speciel brandslukning<\/a><\/li>\n\t\t<li class=\"wsp-post\"><a href=\"https:\/\/groennedemokrater.dk\/?p=401\">Pr\u00e6sentation og konflikter<\/a><\/li>\n\t\t<li class=\"wsp-post\"><a href=\"https:\/\/groennedemokrater.dk\/?p=398\">Et job i Spanien?<\/a><\/li>\n\t\t<li class=\"wsp-post\"><a href=\"https:\/\/groennedemokrater.dk\/?p=393\">Slagteriets maskiner<\/a><\/li>\n\t\t<li class=\"wsp-post\"><a href=\"https:\/\/groennedemokrater.dk\/?p=223\">Hurtig l\u00e5sesmed?<\/a><\/li>\n\t\t<li class=\"wsp-post\"><a href=\"https:\/\/groennedemokrater.dk\/?p=381\">Pakkekalender eller adventsgaver &#8211; hvad skal man v\u00e6lge?<\/a><\/li>\n\t\t<li class=\"wsp-post\"><a href=\"https:\/\/groennedemokrater.dk\/?p=388\">En gr\u00f8n gl\u00e6de<\/a><\/li>\n\t\t<li class=\"wsp-post\"><a href=\"https:\/\/groennedemokrater.dk\/?p=377\">Skal v\u00e6re Makita<\/a><\/li>\n\t\t<li class=\"wsp-post\"><a href=\"https:\/\/groennedemokrater.dk\/?p=373\">Specialstol til smerter?<\/a><\/li>\n\t\t<li class=\"wsp-post\"><a href=\"https:\/\/groennedemokrater.dk\/?p=368\">Sommerhusfirma lokalt<\/a><\/li>\n\t\t<li class=\"wsp-post\"><a href=\"https:\/\/groennedemokrater.dk\/?p=350\">Foredragsholder med humor<\/a><\/li>\n\t\t<li class=\"wsp-post\"><a href=\"https:\/\/groennedemokrater.dk\/?p=362\">Ringe til forlovelse<\/a><\/li>\n\t\t<li class=\"wsp-post\"><a href=\"https:\/\/groennedemokrater.dk\/?p=248\">K\u00f8b hjemmesko tidligt<\/a><\/li>\n\t\t<li class=\"wsp-post\"><a href=\"https:\/\/groennedemokrater.dk\/?p=358\">Massage til sportsskader<\/a><\/li>\n\t\t<li class=\"wsp-post\"><a href=\"https:\/\/groennedemokrater.dk\/?p=354\">Botox og rynker<\/a><\/li>\n\t\t<li class=\"wsp-post\"><a href=\"https:\/\/groennedemokrater.dk\/?p=346\">Ekspropriation og byggetilladelse<\/a><\/li>\n\t\t<li class=\"wsp-post\"><a href=\"https:\/\/groennedemokrater.dk\/?p=343\">Oph\u00e6ng til TV<\/a><\/li>\n\t\t<li class=\"wsp-post\"><a href=\"https:\/\/groennedemokrater.dk\/?p=339\">Priser p\u00e5 materialeplatform?<\/a><\/li>\n\t\t<li class=\"wsp-post\"><a href=\"https:\/\/groennedemokrater.dk\/?p=336\">Mennestes bedste ven<\/a><\/li>\n\t\t<li class=\"wsp-post\"><a href=\"https:\/\/groennedemokrater.dk\/?p=332\">Linoleum og undergulve?<\/a><\/li>\n\t\t<li class=\"wsp-post\"><a href=\"https:\/\/groennedemokrater.dk\/?p=325\">Tarot tolkning<\/a><\/li>\n\t\t<li class=\"wsp-post\"><a href=\"https:\/\/groennedemokrater.dk\/?p=329\">Lys eller m\u00f8rk rom?<\/a><\/li>\n\t\t<li class=\"wsp-post\"><a href=\"https:\/\/groennedemokrater.dk\/?p=322\">Demens<\/a><\/li>\n\t\t<li class=\"wsp-post\"><a href=\"https:\/\/groennedemokrater.dk\/?p=319\">Konflikth\u00e5ndtering kursus<\/a><\/li>\n\t\t<li class=\"wsp-post\"><a href=\"https:\/\/groennedemokrater.dk\/?p=315\">Loft og hulmur?<\/a><\/li>\n\t\t<li class=\"wsp-post\"><a href=\"https:\/\/groennedemokrater.dk\/?p=306\">Vores str\u00e5tag<\/a><\/li>\n\t\t<li class=\"wsp-post\"><a href=\"https:\/\/groennedemokrater.dk\/?p=303\">Gr\u00f8nne tanker om emballage<\/a><\/li>\n\t\t<li class=\"wsp-post\"><a href=\"https:\/\/groennedemokrater.dk\/?p=300\">Bedste psykoterapeut<\/a><\/li>\n\t\t<li class=\"wsp-post\"><a href=\"https:\/\/groennedemokrater.dk\/?p=294\">De store st\u00f8rrelser<\/a><\/li>\n\t\t<li class=\"wsp-post\"><a href=\"https:\/\/groennedemokrater.dk\/?p=297\">Beskikket advokat til injurier<\/a><\/li>\n\t\t<li class=\"wsp-post\"><a href=\"https:\/\/groennedemokrater.dk\/?p=286\">Coaching for stress<\/a><\/li>\n\t\t<li class=\"wsp-post\"><a href=\"https:\/\/groennedemokrater.dk\/?p=284\">Singler benytter sig ofte af sexdating<\/a><\/li>\n\t\t<li class=\"wsp-post\"><a href=\"https:\/\/groennedemokrater.dk\/?p=280\">Ringe og smykker<\/a><\/li>\n\t\t<li class=\"wsp-post\"><a href=\"https:\/\/groennedemokrater.dk\/?p=276\">Nike og Adidas<\/a><\/li>\n\t\t<li class=\"wsp-post\"><a href=\"https:\/\/groennedemokrater.dk\/?p=273\">Flytte og opmagasinere<\/a><\/li>\n\t\t<li class=\"wsp-post\"><a href=\"https:\/\/groennedemokrater.dk\/?p=270\">Tectyl er bedst<\/a><\/li>\n\t\t<li class=\"wsp-post\"><a href=\"https:\/\/groennedemokrater.dk\/?p=267\">Fed personalefest<\/a><\/li>\n\t\t<li class=\"wsp-post\"><a href=\"https:\/\/groennedemokrater.dk\/?p=261\">Starte p\u00e5 efterskole<\/a><\/li>\n\t\t<li class=\"wsp-post\"><a href=\"https:\/\/groennedemokrater.dk\/?p=257\">Reng\u00f8ringshj\u00e6lp?<\/a><\/li>\n\t\t<li class=\"wsp-post\"><a href=\"https:\/\/groennedemokrater.dk\/?p=254\">Coach i \u00c5rhus<\/a><\/li>\n\t\t<li class=\"wsp-post\"><a href=\"https:\/\/groennedemokrater.dk\/?p=238\">Musik og drama p\u00e5 skolen<\/a><\/li>\n\t\t<li class=\"wsp-post\"><a href=\"https:\/\/groennedemokrater.dk\/?p=251\">Det med telefonpasning<\/a><\/li>\n\t\t<li class=\"wsp-post\"><a href=\"https:\/\/groennedemokrater.dk\/?p=245\">Lean konsulent kursus<\/a><\/li>\n\t\t<li class=\"wsp-post\"><a href=\"https:\/\/groennedemokrater.dk\/?p=242\">Gr\u00e6kenland rejser?<\/a><\/li>\n\t\t<li class=\"wsp-post\"><a href=\"https:\/\/groennedemokrater.dk\/?p=235\">Gentofte vinduespolering?<\/a><\/li>\n\t\t<li class=\"wsp-post\"><a href=\"https:\/\/groennedemokrater.dk\/?p=232\">Konference hos de gr\u00f8nne<\/a><\/li>\n\t\t<li class=\"wsp-post\"><a href=\"https:\/\/groennedemokrater.dk\/?p=229\">Elskede Kay Bojesen<\/a><\/li>\n\t\t<li class=\"wsp-post\"><a href=\"https:\/\/groennedemokrater.dk\/?p=220\">Idealcombi eller KPK?<\/a><\/li>\n\t\t<li class=\"wsp-post\"><a href=\"https:\/\/groennedemokrater.dk\/?p=226\">R\u00f8gmaskine fra Danguitar<\/a><\/li>\n\t\t<li class=\"wsp-post\"><a href=\"https:\/\/groennedemokrater.dk\/?p=206\">Bilferien i \u00e5r<\/a><\/li>\n\t\t<li class=\"wsp-post\"><a href=\"https:\/\/groennedemokrater.dk\/?p=217\">Shopping efter brugskunst<\/a><\/li>\n\t\t<li class=\"wsp-post\"><a href=\"https:\/\/groennedemokrater.dk\/?p=214\">Skader i tennis<\/a><\/li>\n\t\t<li class=\"wsp-post\"><a href=\"https:\/\/groennedemokrater.dk\/?p=210\">Sl\u00e5 ikke<\/a><\/li>\n\t\t<li class=\"wsp-post\"><a href=\"https:\/\/groennedemokrater.dk\/?p=200\">Team building tid efter Corona<\/a><\/li>\n\t\t<li class=\"wsp-post\"><a href=\"https:\/\/groennedemokrater.dk\/?p=179\">Har dit barn brug for lektiehj\u00e6lp?<\/a><\/li>\n\t\t<li class=\"wsp-post\"><a href=\"https:\/\/groennedemokrater.dk\/?p=173\">Webcam sex er popul\u00e6rt &#8211; is\u00e6r blandt singler<\/a><\/li>\n\t\t<li class=\"wsp-post\"><a href=\"https:\/\/groennedemokrater.dk\/?p=168\">Hvad er datingsider?<\/a><\/li>\n\t\t<li class=\"wsp-post\"><a href=\"https:\/\/groennedemokrater.dk\/?p=163\">Fodboldgolf er en sjov og motionsrig aktivitet<\/a><\/li>\n\t\t<li class=\"wsp-post\"><a href=\"https:\/\/groennedemokrater.dk\/?p=157\">Tag skakspillet med p\u00e5 familieferien<\/a><\/li>\n\t\t<li class=\"wsp-post\"><a href=\"https:\/\/groennedemokrater.dk\/?p=152\">Find din n\u00e6ste k\u00e6reste online<\/a><\/li>\n\t\t<li class=\"wsp-post\"><a href=\"https:\/\/groennedemokrater.dk\/?p=143\">Hvad skal jeg k\u00f8be til pakkespillet?<\/a><\/li>\n\t\t<li class=\"wsp-post\"><a href=\"https:\/\/groennedemokrater.dk\/?p=137\">Br\u00e6tspil for b\u00e5de b\u00f8rn og voksne er kommet tilbage p\u00e5 bordet<\/a><\/li>\n\t\t<li class=\"wsp-post\"><a href=\"https:\/\/groennedemokrater.dk\/?p=132\">Teknologien har medgjort at mange finder sig en k\u00e6reste via nettet<\/a><\/li>\n\t\t<li class=\"wsp-post\"><a href=\"https:\/\/groennedemokrater.dk\/?p=118\">Skift elvarmen ud med en varmepumpe<\/a><\/li>\n\t\t<li class=\"wsp-post\"><a href=\"https:\/\/groennedemokrater.dk\/?p=108\">Pr\u00f8v sexdating som noget nyt<\/a><\/li>\n\t\t<li class=\"wsp-post\"><a href=\"https:\/\/groennedemokrater.dk\/?p=103\">Br\u00e6tspil er fantastisk familiehygge for b\u00e5de store og sm\u00e5<\/a><\/li>\n\t\t<li class=\"wsp-post\"><a href=\"https:\/\/groennedemokrater.dk\/?p=88\">Dating i Danmark foreg\u00e5r p\u00e5 nettet<\/a><\/li>\n\t\t<li class=\"wsp-post\"><a href=\"https:\/\/groennedemokrater.dk\/?p=84\">S\u00e5dan finder du sexdating p\u00e5 nettet<\/a><\/li>\n\t\t<li class=\"wsp-post\"><a href=\"https:\/\/groennedemokrater.dk\/?p=79\">Backgammon er en god f\u00e6lles besk\u00e6ftigelse<\/a><\/li>\n\t\t<li class=\"wsp-post\"><a href=\"https:\/\/groennedemokrater.dk\/?p=28\">40plus dating &#8211; dating for voksne over 40 \u00e5r<\/a><\/li>\n\t\t<li class=\"wsp-post\"><a href=\"https:\/\/groennedemokrater.dk\/?p=22\">S\u00e5 er det tid til at lufte pl\u00e6neklipperen<\/a><\/li>\n\t\t<li class=\"wsp-post\"><a href=\"https:\/\/groennedemokrater.dk\/?p=19\">Bondeg\u00e5rdsferie er popul\u00e6rt blandt b\u00f8rnefamilier<\/a><\/li>\n\t\t<li class=\"wsp-post\"><a href=\"https:\/\/groennedemokrater.dk\/?p=15\">Puslespil fra Jan van Haasteren<\/a><\/li>\n\t\t<li class=\"wsp-post\"><a href=\"https:\/\/groennedemokrater.dk\/?p=11\">Er det ok med sex p\u00e5 f\u00f8rste date?<\/a><\/li>\n<\/ul><\/li>\n<\/ul>\n<\/div>\n<p><a href=\"https:\/\/groennedemokrater.dk\/wp-content\/uploads\/2021\/05\/hjemmeside.png\"><img loading=\"lazy\" decoding=\"async\" class=\"alignnone size-full wp-image-187\" src=\"https:\/\/groennedemokrater.dk\/wp-content\/uploads\/2021\/05\/hjemmeside.png\" alt=\"\" width=\"288\" height=\"77\" \/><\/a><\/p>\n<div class=\"hwizb69e2a1530877b\" ><img src=\"https:\/\/groennedemokrater.dk\/wp-content\/uploads\/2020\/10\/Disclaimer.png\" alt=\"Disclaimer\"><\/div><style type=\"text\/css\">\r\n@media screen and (min-width: 1201px) {\r\n.hwizb69e2a1530877b {\r\ndisplay: block;\r\n}\r\n}\r\n@media screen and (min-width: 993px) and (max-width: 1200px) {\r\n.hwizb69e2a1530877b {\r\ndisplay: block;\r\n}\r\n}\r\n@media screen and (min-width: 769px) and (max-width: 992px) {\r\n.hwizb69e2a1530877b {\r\ndisplay: block;\r\n}\r\n}\r\n@media screen and (min-width: 768px) and (max-width: 768px) {\r\n.hwizb69e2a1530877b {\r\ndisplay: block;\r\n}\r\n}\r\n@media screen and (max-width: 767px) {\r\n.hwizb69e2a1530877b {\r\ndisplay: block;\r\n}\r\n}\r\n<\/style>\r\n","protected":false},"excerpt":{"rendered":"<p>Her finder du en oversigt over artiklerne her p\u00e5 groennedemokrater.dk:<\/p>\n","protected":false},"author":1,"featured_media":0,"parent":0,"menu_order":0,"comment_status":"closed","ping_status":"closed","template":"","meta":{"footnotes":""},"class_list":["post-186","page","type-page","status-publish","hentry"],"yoast_head":"<!-- This site is optimized with the Yoast SEO plugin v27.4 - https:\/\/yoast.com\/product\/yoast-seo-wordpress\/ -->\n<title>Sitemap - Gr&oslash;nne Demokrater<\/title>\n<meta name=\"robots\" content=\"index, follow, max-snippet:-1, max-image-preview:large, max-video-preview:-1\" \/>\n<link rel=\"canonical\" href=\"https:\/\/groennedemokrater.dk\/?page_id=186\" \/>\n<meta property=\"og:locale\" content=\"da_DK\" \/>\n<meta property=\"og:type\" content=\"article\" \/>\n<meta property=\"og:title\" content=\"Sitemap - Gr&oslash;nne Demokrater\" \/>\n<meta property=\"og:description\" content=\"Her finder du en oversigt over artiklerne her p\u00e5 groennedemokrater.dk:\" \/>\n<meta property=\"og:url\" content=\"https:\/\/groennedemokrater.dk\/?page_id=186\" \/>\n<meta property=\"og:site_name\" content=\"Gr&oslash;nne Demokrater\" \/>\n<meta property=\"article:modified_time\" content=\"2021-08-04T18:24:16+00:00\" \/>\n<meta property=\"og:image\" content=\"https:\/\/groennedemokrater.dk\/wp-content\/uploads\/2021\/05\/hjemmeside.png\" \/>\n<meta name=\"twitter:label1\" content=\"Estimeret l\u00e6setid\" \/>\n\t<meta name=\"twitter:data1\" content=\"1 minut\" \/>\n<script type=\"application\/ld+json\" class=\"yoast-schema-graph\">{\"@context\":\"https:\\\/\\\/schema.org\",\"@graph\":[{\"@type\":\"WebPage\",\"@id\":\"https:\\\/\\\/groennedemokrater.dk\\\/?page_id=186\",\"url\":\"https:\\\/\\\/groennedemokrater.dk\\\/?page_id=186\",\"name\":\"Sitemap - Gr&oslash;nne Demokrater\",\"isPartOf\":{\"@id\":\"https:\\\/\\\/groennedemokrater.dk\\\/#website\"},\"primaryImageOfPage\":{\"@id\":\"https:\\\/\\\/groennedemokrater.dk\\\/?page_id=186#primaryimage\"},\"image\":{\"@id\":\"https:\\\/\\\/groennedemokrater.dk\\\/?page_id=186#primaryimage\"},\"thumbnailUrl\":\"https:\\\/\\\/groennedemokrater.dk\\\/wp-content\\\/uploads\\\/2021\\\/05\\\/hjemmeside.png\",\"datePublished\":\"2021-05-21T09:42:05+00:00\",\"dateModified\":\"2021-08-04T18:24:16+00:00\",\"inLanguage\":\"da-DK\",\"potentialAction\":[{\"@type\":\"ReadAction\",\"target\":[\"https:\\\/\\\/groennedemokrater.dk\\\/?page_id=186\"]}]},{\"@type\":\"ImageObject\",\"inLanguage\":\"da-DK\",\"@id\":\"https:\\\/\\\/groennedemokrater.dk\\\/?page_id=186#primaryimage\",\"url\":\"https:\\\/\\\/groennedemokrater.dk\\\/wp-content\\\/uploads\\\/2021\\\/05\\\/hjemmeside.png\",\"contentUrl\":\"https:\\\/\\\/groennedemokrater.dk\\\/wp-content\\\/uploads\\\/2021\\\/05\\\/hjemmeside.png\",\"width\":288,\"height\":77},{\"@type\":\"WebSite\",\"@id\":\"https:\\\/\\\/groennedemokrater.dk\\\/#website\",\"url\":\"https:\\\/\\\/groennedemokrater.dk\\\/\",\"name\":\"Gr&oslash;nne Demokrater\",\"description\":\"En blog om politik og livet generelt\",\"potentialAction\":[{\"@type\":\"SearchAction\",\"target\":{\"@type\":\"EntryPoint\",\"urlTemplate\":\"https:\\\/\\\/groennedemokrater.dk\\\/?s={search_term_string}\"},\"query-input\":{\"@type\":\"PropertyValueSpecification\",\"valueRequired\":true,\"valueName\":\"search_term_string\"}}],\"inLanguage\":\"da-DK\"}]}<\/script>\n<!-- \/ Yoast SEO plugin. -->","yoast_head_json":{"title":"Sitemap - Gr&oslash;nne Demokrater","robots":{"index":"index","follow":"follow","max-snippet":"max-snippet:-1","max-image-preview":"max-image-preview:large","max-video-preview":"max-video-preview:-1"},"canonical":"https:\/\/groennedemokrater.dk\/?page_id=186","og_locale":"da_DK","og_type":"article","og_title":"Sitemap - Gr&oslash;nne Demokrater","og_description":"Her finder du en oversigt over artiklerne her p\u00e5 groennedemokrater.dk:","og_url":"https:\/\/groennedemokrater.dk\/?page_id=186","og_site_name":"Gr&oslash;nne Demokrater","article_modified_time":"2021-08-04T18:24:16+00:00","og_image":[{"url":"https:\/\/groennedemokrater.dk\/wp-content\/uploads\/2021\/05\/hjemmeside.png","type":"","width":"","height":""}],"twitter_misc":{"Estimeret l\u00e6setid":"1 minut"},"schema":{"@context":"https:\/\/schema.org","@graph":[{"@type":"WebPage","@id":"https:\/\/groennedemokrater.dk\/?page_id=186","url":"https:\/\/groennedemokrater.dk\/?page_id=186","name":"Sitemap - Gr&oslash;nne Demokrater","isPartOf":{"@id":"https:\/\/groennedemokrater.dk\/#website"},"primaryImageOfPage":{"@id":"https:\/\/groennedemokrater.dk\/?page_id=186#primaryimage"},"image":{"@id":"https:\/\/groennedemokrater.dk\/?page_id=186#primaryimage"},"thumbnailUrl":"https:\/\/groennedemokrater.dk\/wp-content\/uploads\/2021\/05\/hjemmeside.png","datePublished":"2021-05-21T09:42:05+00:00","dateModified":"2021-08-04T18:24:16+00:00","inLanguage":"da-DK","potentialAction":[{"@type":"ReadAction","target":["https:\/\/groennedemokrater.dk\/?page_id=186"]}]},{"@type":"ImageObject","inLanguage":"da-DK","@id":"https:\/\/groennedemokrater.dk\/?page_id=186#primaryimage","url":"https:\/\/groennedemokrater.dk\/wp-content\/uploads\/2021\/05\/hjemmeside.png","contentUrl":"https:\/\/groennedemokrater.dk\/wp-content\/uploads\/2021\/05\/hjemmeside.png","width":288,"height":77},{"@type":"WebSite","@id":"https:\/\/groennedemokrater.dk\/#website","url":"https:\/\/groennedemokrater.dk\/","name":"Gr&oslash;nne Demokrater","description":"En blog om politik og livet generelt","potentialAction":[{"@type":"SearchAction","target":{"@type":"EntryPoint","urlTemplate":"https:\/\/groennedemokrater.dk\/?s={search_term_string}"},"query-input":{"@type":"PropertyValueSpecification","valueRequired":true,"valueName":"search_term_string"}}],"inLanguage":"da-DK"}]}},"_links":{"self":[{"href":"https:\/\/groennedemokrater.dk\/index.php?rest_route=\/wp\/v2\/pages\/186","targetHints":{"allow":["GET"]}}],"collection":[{"href":"https:\/\/groennedemokrater.dk\/index.php?rest_route=\/wp\/v2\/pages"}],"about":[{"href":"https:\/\/groennedemokrater.dk\/index.php?rest_route=\/wp\/v2\/types\/page"}],"author":[{"embeddable":true,"href":"https:\/\/groennedemokrater.dk\/index.php?rest_route=\/wp\/v2\/users\/1"}],"replies":[{"embeddable":true,"href":"https:\/\/groennedemokrater.dk\/index.php?rest_route=%2Fwp%2Fv2%2Fcomments&post=186"}],"version-history":[{"count":1,"href":"https:\/\/groennedemokrater.dk\/index.php?rest_route=\/wp\/v2\/pages\/186\/revisions"}],"predecessor-version":[{"id":188,"href":"https:\/\/groennedemokrater.dk\/index.php?rest_route=\/wp\/v2\/pages\/186\/revisions\/188"}],"wp:attachment":[{"href":"https:\/\/groennedemokrater.dk\/index.php?rest_route=%2Fwp%2Fv2%2Fmedia&parent=186"}],"curies":[{"name":"wp","href":"https:\/\/api.w.org\/{rel}","templated":true}]}}